(o) = 316*o - 54607. Calculate c(174).
377
Let f(c) = c**2 - 930*c + 212126. Give f(401).
-3
Let w(m) = 6767*m + 365394. Calculate w(-54).
-24
Let n(z) = z**3 + 41*z**2 + 102*z + 237. Determine n(-37).
1939
Let y(j) = 6*j**2 - 13*j + 16. Calculate y(14).
1010
Let q(s) = -8*s**2 + 9623*s - 1031845. Give q(119).
4
Let v(a) = 193*a + 91. What is v(2)?
477
Let j(y) = -y**2 + 101*y - 783. Determine j(91).
127
Let f(t) = -t**3 + 347*t**2 - 5929*t + 2366. What is f(329)?
63
Let x(c) = -1116*c**2 - 26788*c - 94. Give x(-24).
2
Let j(t) = 4*t**3 - 23*t**2 - 266*t + 1597. Determine j(6).
37
Let p(b) = 8*b**2 + 1427*b + 39605. What is p(-144)?
5
Let y(x) = 18*x**2 + 612*x + 5187. Calculate y(-16).
3
Let s(r) = -666*r**2 - 5994*r + 20. Determine s(-9).
20
Let z(p) = -547*p - 14880. What is z(-27)?
-111
Let b(o) = 7*o**3 - 663*o**2 + 408*o + 5835. Calculate b(94).
7
Let b(p) = p**2 + 49359*p + 2760942. Calculate b(-56).
-26
Let m(z) = 971*z - 50338. Calculate m(59).
6951
Let c(w) = 7526*w + 1738497. Give c(-231).
-9
Let z(x) = 21*x**2 - 483*x + 76. Calculate z(23).
76
Let q(f) = 109*f + 714. Calculate q(-7).
-49
Let x(a) = a**3 - 669*a**2 + 49140*a - 17. Calculate x(585).
-17
Let c(f) = 10*f**3 - 90*f**2 + 127*f + 69. Determine c(7).
-22
Let t(g) = 206*g**3 + 2*g**2 + 4*g + 3. What is t(-2)?
-1645
Let x(d) = 716*d + 113127. Calculate x(-158).
-1
Let y(m) = 360*m**2 - 1422*m + 7. Calculate y(3).
-1019
Let d(a) = -15*a**3 - 1844*a**2 + 113*a + 152. Calculate d(-123).
1382
Let j(d) = 4*d**2 + 7188*d - 100882. What is j(14)?
534
Let o(r) = -r**3 + 2*r**2 + 76*r - 647. Determine o(14).
-1935
Let x(a) = -4*a**2 - 168*a - 1588. What is x(-32)?
-308
Let f(n) = 8*n**3 - 8. Give f(2).
56
Let r(j) = 52009*j + 572063. Calculate r(-11).
-36
Let r(k) = -8*k**2 - 290*k - 2604. Determine r(-21).
-42
Let u(x) = 21744*x - 1000202. Determine u(46).
22
Let a(o) = o**2 - 14608*o - 2273355. Calculate a(-154).
-7
Let q(v) = -v**3 - 6*v**2 + 1746*v + 12265. Give q(-7).
92
Let q(k) = 8*k**3 - 1427*k**2 - 891*k - 595. Give q(179).
121
Let v(q) = -q**3 + 63*q**2 - 143*q + 17674. Calculate v(65).
-71
Let s(q) = 106*q**2 + 41874*q + 1517. Calculate s(-395).
-63
Let j(g) = 58*g + 63. What is j(-22)?
-1213
Let s(d) = -17*d**2 - 400*d - 66. What is s(-23)?
141
Let y(o) = 1219*o + 6083. Give y(-5).
-12
Let x(p) = 76317*p - 992109. Give x(13).
12
Let q(a) = -3557*a**2 + 32021*a - 51. Determine q(9).
21
Let c(n) = -n**2 - 288*n - 3916. Give c(-14).
-80
Let p(i) = -40*i**2 - 1441*i + 10043. Calculate p(-42).
5
Let u(d) = -10709*d - 43018. What is u(-4)?
-182
Let x(t) = 14*t**2 + 98*t + 191. Determine x(0).
191
Let b(u) = u**3 + 860*u**2 + 29678*u + 11526. Determine b(-824).
-10
Let v(o) = 92*o - 6963. What is v(78)?
213
Let a(l) = -49178*l - 27785572. Give a(-565).
-2
Let y(x) = -2*x**3 + 376*x - 4850. Determine y(-18).
46
Let n(v) = -25*v + 138. Calculate n(-7).
313
Let a(n) = -4920*n - 398543. What is a(-81)?
-23
Let w(n) = -1433*n - 23336. Give w(-16).
-408
Let j(q) = 1111*q - 7051. Give j(6).
-385
Let c(i) = i**2 + 245*i - 62124. Give c(155).
-124
Let l(c) = 9*c**3 - 41*c**2 + 10*c + 65. What is l(7)?
1213
Let x(q) = -10*q**3 + 73*q**2 + 367*q - 1909. Determine x(9).
17
Let l(t) = -30*t**2 - 81*t + 1. Determine l(-3).
-26
Let d(s) = -25*s**2 + 42611*s - 36. Determine d(0).
-36
Let y(d) = 17*d**2 + 8602*d - 34623. Calculate y(-510).
57
Let o(f) = -2*f**2 - 65573*f + 5654050. Calculate o(86).
-20
Let v(p) = 2*p**3 + 70*p**2 + 23*p + 25. What is v(-35)?
-780
Let k(q) = -q**2 - 105*q + 2974. Determine k(-142).
-2280
Let b(h) = -2*h**2 - 28867*h + 115453. What is b(4)?
-47
Let v(x) = -2*x**3 - 129*x**2 - 1899*x - 410. What is v(-42)?
-32
Let h(s) = s**2 - 15589*s - 2217935. What is h(-141)?
-5
Let d(i) = -7*i**3 - 666*i**2 + 567*i - 828. What is d(-96)?
36
Let d(q) = 34683*q - 2254400. Calculate d(65).
-5
Let h(u) = 272*u + 282. Determine h(-1).
10
Let n(i) = -367*i - 2224. Give n(-7).
345
Let m(s) = -172*s**2 - 342344*s - 127349. Determine m(-1990).
11
Let o(h) = -7*h**3 - 415*h**2 - 6118*h - 173. Calculate o(-32).
19
Let d(l) = -864*l + 117518. Give d(136).
14
Let y(p) = 5*p**3 + 2*p**2 - 161*p + 20. Give y(10).
3610
Let y(r) = -2388*r + 2352175. What is y(985)?
-5
Let y(v) = -v**3 - 8*v**2 + 536*v - 43. Determine y(-28).
629
Let f(z) = z**3 - 415*z**2 + 8643*z + 86. Determine f(22).
20
Let b(k) = -9139*k - 64036. Give b(-7).
-63
Let q(v) = 50674*v + 456054. Calculate q(-9).
-12
Let w(j) = j**3 - 340*j**2 - 55782*j + 166. Calculate w(-121).
287
Let k(v) = 112*v - 6275. What is k(56)?
-3
Let d(o) = -o**3 + 76*o**2 - 56*o + 4643. What is d(76)?
387
Let u(x) = 150*x**3 + x**2 + 1886*x - 1887. Give u(1).
150
Let m(g) = -4*g**3 + 815*g**2 + 4283*g + 22155. What is m(209)?
1
Let t(o) = 168*o**2 - 3151*o - 6307. Give t(-2).
667
Let a(i) = -3*i**3 - 119*i**2 + 582*i + 3. Determine a(-44).
-437
Let d(n) = 81614*n + 1142569. Give d(-14).
-27
Let j(v) = 1326*v - 15175. Calculate j(11).
-589
Let z(f) = -311*f + 45990. Give z(148).
-38
Let z(r) = -r**3 + 89*r**2 + 10*r - 8281. Determine z(88).
343
Let z(b) = -3624*b - 116155. Determine z(-32).
-187
Let u(l) = l**3 - 370*l**2 + 4590*l - 3529. Determine u(12).
-1
Let v(u) = -3*u**2 + 377*u - 6551. What is v(20)?
-211
Let a(s) = 15*s**2 + 3533*s + 165539. What is a(-171)?
11
Let r(w) = -w**3 - 2*w**2 + 2007*w + 22. What is r(0)?
22
Let i(k) = -2229*k - 32065. Give i(-15).
1370
Let w(c) = -11*c**2 - 95*c - 482. Give w(-6).
-308
Let f(j) = -2*j**3 + 23*j**2 - 110*j + 2093. Calculate f(13).
156
Let a(p) = -354*p**2 - 2132*p - 27. Determine a(-6).
21
Let p(z) = 230*z**2 + 38410*z - 1. Calculate p(-167).
-1
Let j(v) = -3*v**2 - 1650*v + 42546. Determine j(25).
-579
Let k(w) = 332*w**2 - 19585*w - 181. Give k(59).
-4
Let z(x) = -567874*x + 1703613. What is z(3)?
-9
Let b(j) = -167*j**2 + 227*j - 21. Give b(2).
-235
Let z(i) = -759*i + 35638. Give z(47).
-35
Let d(a) = 9*a**2 + 1497*a + 2980. Calculate d(-2).
22
Let b(f) = f**2 + 8197*f - 49182. Calculate b(6).
36
Let v(p) = -20*p**2 + 1382*p - 9882. Give v(61).
0
Let t(q) = 722956*q - 5783640. Calculate t(8).
8
Let z(r) = 4*r**3 + 202*r**2 + 2369*r + 33. Give z(-32).
1
Let d(t) = -t**2 - 127*t + 2686. Calculate d(-147).
-254
Let d(x) = 2046*x**2 - 32930*x + 3104. What is d(16)?
0
Let j(f) = -f**3 + 503*f**2 + 30754*f - 35694. Give j(558).
18
Let v(q) = -18751*q + 393747. Determine v(21).
-24
Let b(k) = -410*k - 17008. What is b(-41)?
-198
Let b(x) = -10467*x + 2061972. Give b(197).
-27
Let y(s) = -195*s**2 - 543*s - 74. What is y(-3)?
-200
Let d(s) = -s**2 - 217*s - 5955. Give d(-33).
117
Let x(j) = -j**3 - 7*j**2 + 140*j + 2816. Calculate x(-17).
3326
Let x(w) = -1723*w + 482410. Give x(280).
-30
Let n(j) = 239*j + 7121. Determine n(-30).
-49
Let d(o) = -o**2 + 87*o + 1813. Give d(74).
2775
Let y(r) = r**3 - 118*r - 617. Give y(-5).
-152
Let x(h) = 8594*h - 1203153. Calculate x(140).
7
Let l(p) = -p**3 + 27*p**2 + 154*p - 1063. Calculate l(31).
-133
Let v(g) = 2*g**2 + 7*g - 369. What is v(22)?
753
Let m(o) = o**2 + 432730*o - 5192892. Determine m(12).
12
Let n(w) = -w**3 + 39*w**2 + 190*w - 815. Calculate n(43).
-41
Let n(c) = -c**3 - 97*c**2 + 47*c + 4513. Calculate n(-97).
-46
Let a(k) = 10497*k + 871198. Determine a(-83).
-53
Let n(t) = 526*t - 4272. Determine n(0).
-4272
Let c(z) = 9*z**2 + 2670*z - 10821. Calculate c(4).
3
Let c(s) = -2*s**2 - 58009*s + 232075. What is c(4)?
7
Let p(w) = -7*w**2 - 1081*w - 8377. Calculate p(-8).
-177
Let c(g) = 6530*g - 97905. Determine c(15).
45
Let o(g) = -613*g - 269554. Give o(-439).
-447
Let v(r) = 122*r - 1164. Calculate v(6).
-432
Let l(s) = 25343*s - 152061. Give l(6).
-3
Let x(s) = 137*s**3 + 1361*s**2 + 19*s + 1052. What is x(-10)?
-38
Let o(l) = -2*l**3 + 281*l**2 - 216*l - 28494. What is o(139)?
-555
Let v(u) = u**3 - 43*u**2 - 20*u + 1117. What is v(43)?
257
Let p(f) = -14254*f + 99942. What is p(7)?
164
Let s(l) = 13*l**3 - 727*l**2 - 25*l - 1765. Determine s(56).
-29
Let o(c) = 3*c**2 + 1448*c + 15754. Calculate o(-11).
189
Let k(z) = -25752*z + 1184593. Calculate k(46).
1
Let i(z) = 9*z**3 - 100*z**2 - 42*z + 728. Give i(11).
145
Let i(u) = -u**2 + 36*u + 398. What is i(44)?
46
Let y(b) = 1210593*b - 9684738. Give y(8).
6
Let k(x) = -x**2 - 17058*x + 